 prime factors of r?
2, 229
Suppose 0 = 30*v - 856 - 3794. What are the prime factors of v?
5, 31
Let g be (12/8)/((-3)/(-86)). Let b = g + -35. What are the prime factors of b?
2
Suppose -k - 3*f + 27 = f, 0 = -3*k + 5*f + 30. List the prime factors of 606/k - 15/(-25).
41
List the prime factors of 715*-8*((-3)/(-6) - 1).
2, 5, 11, 13
Suppose 4*y - 4 = 3*y. Let j(s) = s**2 - 4*s + 2. Let b be j(y). Suppose 0 = b*v + 4 - 0, 3*n - 37 = 5*v. What are the prime factors of n?
3
Let a(u) = u**3 + 5*u**2 - 5*u + 18. Let r be a(-7). Let z = 100 + r. List the prime factors of z.
5, 11
Let j = -8208 + 12230. List the prime factors of j.
2, 2011
Suppose 3*s - s + 146 = 0. Let g = s - -111. List the prime factors of g.
2, 19
Let p = -817 - -1280. List the prime factors of p.
463
Suppose 1638 = 2*r + 2*t, 4*r + 2*t - 2078 = 1196. List the prime factors of r.
2, 409
Suppose 0 = 66*r - 67*r. Suppose 2*p = -3*z + 2*z + 370, p - 5*z - 185 = r. What are the prime factors of p?
5, 37
Let i = -7737 - -11252. List the prime factors of i.
5, 19, 37
What are the prime factors of -6 - (5/1)/((-4)/988)?
1229
Let d(x) = 54*x + 904. What are the prime factors of d(11)?
2, 7, 107
Let q = 16 + -8. Suppose -2*v - 4*h + 66 - q = 0, -2*v - 5*h = -61. Suppose -73 = -2*i - v. List the prime factors of i.
5
Suppose -123 = -f + 638. What are the prime factors of f?
761
Let w(u) = -u**2 + 3*u + 3. Let v(r) = 10*r**2 - r + 1. Let g be v(1). Let z = g + -7. What are the prime factors of w(z)?
3
Suppose -4 = 5*k - 19. Suppose 0 = -z - i + 209, -k*z - i + 225 = -404. List the prime factors of z.
2, 3, 5, 7
Let d(k) = -105*k - 30. What are the prime factors of d(-3)?
3, 5, 19
Let v = 16 - 0. Suppose 8 = -2*l + v. Suppose 3*n - 78 = -l*o, -4*o + 0*n - n = -74. List the prime factors of o.
2, 3
Let n(o) = o**2 + 4. Suppose -2*d + d + 44 = -z, 0 = -4*d + 3*z + 172. Suppose 0 = 5*k - 5*v + d, 13 = -k - 0*v + 2*v. What are the prime factors of n(k)?
13
Suppose 233 = 2*v - 403. Suppose -7*t = -4*t - v. List the prime factors of t.
2, 53
Let a = 337 + -49. List the prime factors of a.
2, 3
Suppose m + 2174 = 4*z, -m + 0*m = 2. What are the prime factors of z?
3, 181
Let c = -6 + -74. List the prime factors of c/(-35) + -2 + 1804/7.
2, 3, 43
Suppose -5*y - 30 = -10. Let n(t) = 2*t + 2. Let v be n(y). What are the prime factors of 3 - 6*8/v?
11
Let p(j) = 4*j + 10. Suppose -24 = -2*h - 2*a, -h - a + 48 = 4*h. Let t be p(h). Suppose -g + 5 = -t. What are the prime factors of g?
3, 17
What are the prime factors of (62/8)/(2/8)?
31
Let m = -1608 - -2652. What are the prime factors of m?
2, 3, 29
Suppose -u + 39 = -6*u + 2*m, -4*m = 2*u + 6. Let o(h) = -26*h - 35. What are the prime factors of o(u)?
3, 7
Suppose 4*m - 515 = -35. What are the prime factors of ((24/(-5))/((-4)/m))/1?
2, 3
Let f(a) = -3*a**3 + 4*a**2 - 4*a. Let s be f(2). What are the prime factors of 7 - ((-4)/(s/(-12)) + 3)?
7
Suppose -1020 = -2*d - q, d + q = -2*q + 515. Suppose 4*f - d + 133 = 0. What are the prime factors of f?
2, 47
Let r be (-6)/((-8)/24*(-12)/26). Let w = r - -41. List the prime factors of w.
2
Let w be ((-6)/9)/(76/(-18) + 4). Let r(n) = n**3 + 4*n**2 - 7*n - 6. Let f be r(-5). Suppose -w*z = -155 - f. What are the prime factors of z?
53
Suppose 5 = 5*k + 25. Let i = -22 + 38. Let r = i + k. List the prime factors of r.
2, 3
Suppose 66*m - 78*m + 31908 = 0. What are the prime factors of m?
2659
Let l = -373 - -512. List the prime factors of l.
139
What are the prime factors of -3 - -1 - -2 - 30566/(-17)?
2, 29, 31
Let x(c) = c + 3. Let l be x(-5). What are the prime factors of (-4)/4*-10 - l?
2, 3
Suppose -3*w + 4709 = -s - 4*s, w + 3*s = 1565. List the prime factors of w.
2, 7
Suppose -18*s - 213 = -21*s - 2*p, 0 = -2*s + 5*p + 161. List the prime factors of s.
73
Let b be 10/35 + 30/(-7). What are the prime factors of (b/4 - -2) + 25?
2, 13
Let s be (2 + 0)/((-10)/(-15)). Let y = 11 - s. Suppose 4*p - y = 3*z, -2*p + 3*z = 4*z - 14. What are the prime factors of p?
5
Suppose 5*l - 327 = 183. Let x(t) = 5*t**2 - t - 20. Let d be x(-4). Let j = l - d. What are the prime factors of j?
2, 19
Let o(w) = -13*w**2 - w. Let y be o(-2). Let j = -119 + 124. Let k = j - y. What are the prime factors of k?
5, 11
Suppose 6*l - 25 = l. Suppose -5*d - t + 829 = 0, 10*d - 817 = l*d + 2*t. What are the prime factors of d?
3, 5, 11
Suppose 3*m - 2*a = 19, -9 = -2*m + 3*a + 2*a. Let r = 12 - m. Suppose -2*b + 2*w = -3*b + 14, -4*w = -r*b + 42. What are the prime factors of b?
2, 5
Let m = 1372 + -962. What are the prime factors of m?
2, 5, 41
Let m(s) = s**3 - 15*s**2 - 18*s + 22. Let r be m(16). Let y(b) = 2*b**2 + 14*b - 4. What are the prime factors of y(r)?
2, 7
Let g = 66 - 62. Suppose -4*f - 21 = 4*y - 177, g*f - 3*y = 142. List the prime factors of f.
37
Let c = -25 - -29. Suppose -2*d = -4*d - c. List the prime factors of 744/22 + d/(-11).
2, 17
Let p(w) = w**3 + 15*w**2 + 10*w + 41. What are the prime factors of p(-10)?
3, 7
Let j be (-33)/(-15) - -3*1/(-15). Suppose i - 2 + 5 = 0, -302 = -2*d + j*i. What are the prime factors of d?
2, 37
Let g(x) = 2*x**2 + 26*x. Let q be g(-12). Let u(d) = -d**2 + d - 4. Let k be u(4). Let m = k - q. List the prime factors of m.
2
What are the prime factors of 161 - ((1 - -4) + -6)?
2, 3
Let o(l) = -423*l**3 - 2*l**2 + l + 2. Let r be o(-1). Let m be r/7 + (-6)/21. Suppose 8 = 4*j - m. List the prime factors of j.
17
Suppose -3*v = -138 - 222. Suppose -6*s + 3*s = -v. Suppose 0 = 3*t - 8*t + s. What are the prime factors of t?
2
Let c(q) = -3*q**3 - 16*q**2 - 4*q + 6. List the prime factors of c(-8).
2, 5, 11
List the prime factors of (-2 - -1)*(3 + 2037/(-7)).
2, 3
Suppose 0 = 3*l - 8 - 19. What are the prime factors of l?
3
Suppose 29448 = -155*l + 191*l. List the prime factors of l.
2, 409
Let p(y) = y**2 + y + 11. Let u be p(-5). Let c = u + -28. What are the prime factors of c?
3
What are the prime factors of 8/(-4) + 471*48/18?
2, 3, 11, 19
Let u = 209 + -186. What are the prime factors of u?
23
Suppose -123 = -3*c + 87. Let q = c + -26. List the prime factors of q.
2, 11
Suppose -5 = -f, 3*i + 4*f - 70 = 115. Let k = i - -123. What are the prime factors of k?
2, 89
Let r = 122 + -71. Suppose -56*m = -r*m - 100. List the prime factors of m.
2, 5
Suppose 5*h + 25 = 0, 2*i + 2*i = -2*h - 58. List the prime factors of (6*i/16)/(6/(-32)).
2, 3
Suppose 0 = -c + 3*r + 42, -3*c + r - 4*r + 102 = 0. Let b = 99 + c. What are the prime factors of b/7 + 2/(-7)?
19
Suppose -3*j = 6 + 15. Suppose -5*w + 20 = -6*a + a, 0 = -a + 3*w + 4. What are the prime factors of (j - a)/((-1)/(-12))?
2, 3
Suppose 4*p - 225 = 127. Let x = -112 + 174. Suppose 4*i + p = 4*l, 40 + x = 4*l + 3*i. List the prime factors of l.
2, 3
Suppose 28*b = 36*b - 960. What are the prime factors of b?
2, 3, 5
Let p = 704 - 455. Suppose -p = 46*t - 49*t. List the prime factors of t.
83
List the prime factors of -7 - -2 - (-2 + -1277).
2, 7, 13
Let s(j) = j**2 - 4*j + 5. Let k be s(3). Suppose -k*t - 2*r - 36 = 2*r, -r - 36 = 2*t. What are the prime factors of 153/6 + t/(-12)?
3
Suppose 16 = 4*d - 0*d. Suppose 3*c - k - 17 = -0*k, -d*c - 4*k = -12. Suppose 3*q + c*w - 63 = 0, -5*q + 86 = 2*w - 38. List the prime factors of q.
2, 13
Suppose 0 = j - 20 - 275. Suppose 4*d - 5*g - 297 = 0, 4*d = -0*g + 3*g + j. Suppose 12 = -3*h, -l = -3*h - h - d. What are the prime factors of l?
3, 19
Let f(r) = r**3 - 4*r**2 + 5*r + 2. Let c be f(3). Suppose c*j - 105 = 95. What are the prime factors of j?
5
Let i be (-1)/(3/(-63)) - -2. Let n = 109 + i. Suppose -5*d - 4*o = -n, 3*d - 4*d + 5*o + 9 = 0. List the prime factors of d.
2, 3
Let a(v) be the third derivative of -v**6/720 - v**5/40 + v**4/6 - 3*v**2. Let d(q) be the second derivative of a(q). List the prime factors of d(-10).
7
Suppose 0 = 4*n - n. Suppose n*k = -5*k + 110. Suppose -4*z + 2*u + 35 = -9, 2*z - 3*u = k. What are the prime factors of z?
11
Let q = 23 + -38. Let b = 48 + q. Let p = b + -22. What are the prime factors of p?
11
Let v be -5*(-12)/20 - (1 + -1). Let t(m) = m**2 - m - 2. Let y be t(-2). Suppose 2*d = r - 68, -v*r = -y*r - d + 56. List the prime factors of r.
2, 3, 5
Suppose -z + 17*z = 14800. What are the prime factors of z?
5, 37
Let g be (1 - 2) 